{"id":6,"date":"2024-04-23T13:26:56","date_gmt":"2024-04-23T13:26:56","guid":{"rendered":"https:\/\/naschbarschaft.ch\/?page_id=6"},"modified":"2026-03-01T20:09:54","modified_gmt":"2026-03-01T20:09:54","slug":"6-2","status":"publish","type":"page","link":"https:\/\/naschbarschaft.ch\/","title":{"rendered":"Startseite"},"content":{"rendered":"\n<h1 class=\"wp-block-heading\" id=\"aktuell\">Aktuell \u2014\u2014\u2014<\/h1>\n\n\n\n<h2 class=\"wp-block-heading\">Hauptversammlung \u2014\u2014\u2014<\/h2>\n\n\n\n<p>Am Freitag 13. M\u00e4rz treffen wir uns um 18:30 Uhr im Garten zum Gl\u00fcck. Auch Nicht-Mitglieder sind herzlich willkommen. Bitte melde dich an.<\/p>\n\n\n\n<h1 class=\"wp-block-heading\" id=\"agenda\">Agenda \u2014\u2014\u2014 <\/h1>\n\n\n\n<ul class=\"wp-block-list\">\n<li>13. M\u00e4rz Hauptversammlung um 18:30 im Garten zum Gl\u00fcck mit anschliessendem Essen und Beisammensein.<\/li>\n<\/ul>\n\n\n\n<p class=\"has-text-align-center has-medium-font-size\" style=\"font-style:italic;font-weight:400\"><a href=\"#\" data-type=\"page\" data-id=\"6\">nach oben<\/a> \u2014\u2014\u2014<\/p>\n\n\n\n<h1 class=\"wp-block-heading\" id=\"manifest\">Manifest \u2014\u2014\u2014 <\/h1>\n\n\n\n<p>\u2014\u2014\u2014 Stell dir vor, du lebst an einem Ort, wo die Landschaft essbar wird.<br>Wo du gemeinsam mit anderen Menschen pflanzen und ernten darfst.<br>\u2014\u2014\u2014 Stell dir vor, du lebst an einem Ort, wo du die Ertr\u00e4ge aus deinem Garten oder deinem Feld mit anderen teilen kannst, sodass nichts verloren geht.<br>Wo du ein \u00fcbersch\u00fcssiges, unbenutztes St\u00fcck Land zur Verf\u00fcgung stellen kannst oder zur Bearbeitung \u00fcberlassen bekommst.<br>\u2014\u2014\u2014 Stell dir vor, wir \u00fcberwinden die blosse Nachbarschaft und gr\u00fcnden zusammen eine grosse Naschbarschaft!<\/p>\n\n\n\n<p class=\"has-text-align-center has-medium-font-size\" style=\"font-style:italic;font-weight:400\"><a href=\"#\" data-type=\"page\" data-id=\"6\">nach oben<\/a> \u2014\u2014\u2014<\/p>\n\n\n\n<h1 class=\"wp-block-heading\" id=\"rueckblick\">R\u00fcckblick \u2014\u2014\u2014<\/h1>\n\n\n\n<ul class=\"wp-block-list\">\n<li>Hauptversammlung 15.03.2025<\/li>\n<\/ul>\n\n\n\n<p>Die zweite Hauptversammlung der naschbarschaft ist Geschichte. Wir hatten Gastrecht im Garten zum Gl\u00fcck mit wunderbarer Pizza aus dem Lehmofen.<\/p>\n\n\n\n<figure class=\"wp-block-gallery has-nested-images columns-default is-cropped wp-block-gallery-1 is-layout-flex wp-block-gallery-is-layout-flex\">\n<figure class=\"wp-block-image size-large\"><img loading=\"lazy\" decoding=\"async\" width=\"1024\" height=\"768\" data-id=\"176\" src=\"https:\/\/naschbarschaft.ch\/wp-content\/uploads\/2025\/03\/IMG_1224-1024x768.jpg\" alt=\"\" class=\"wp-image-176\" srcset=\"https:\/\/naschbarschaft.ch\/wp-content\/uploads\/2025\/03\/IMG_1224-1024x768.jpg 1024w, https:\/\/naschbarschaft.ch\/wp-content\/uploads\/2025\/03\/IMG_1224-300x225.jpg 300w, https:\/\/naschbarschaft.ch\/wp-content\/uploads\/2025\/03\/IMG_1224-768x576.jpg 768w, https:\/\/naschbarschaft.ch\/wp-content\/uploads\/2025\/03\/IMG_1224-1536x1152.jpg 1536w, https:\/\/naschbarschaft.ch\/wp-content\/uploads\/2025\/03\/IMG_1224-2048x1536.jpg 2048w\" sizes=\"auto, (max-width: 1024px) 100vw, 1024px\" \/><\/figure>\n\n\n\n<figure class=\"wp-block-image size-large\"><img loading=\"lazy\" decoding=\"async\" width=\"1024\" height=\"768\" data-id=\"175\" src=\"https:\/\/naschbarschaft.ch\/wp-content\/uploads\/2025\/03\/IMG_1221-1024x768.jpg\" alt=\"\" class=\"wp-image-175\" srcset=\"https:\/\/naschbarschaft.ch\/wp-content\/uploads\/2025\/03\/IMG_1221-1024x768.jpg 1024w, https:\/\/naschbarschaft.ch\/wp-content\/uploads\/2025\/03\/IMG_1221-300x225.jpg 300w, https:\/\/naschbarschaft.ch\/wp-content\/uploads\/2025\/03\/IMG_1221-768x576.jpg 768w, https:\/\/naschbarschaft.ch\/wp-content\/uploads\/2025\/03\/IMG_1221-1536x1152.jpg 1536w, https:\/\/naschbarschaft.ch\/wp-content\/uploads\/2025\/03\/IMG_1221-2048x1536.jpg 2048w\" sizes=\"auto, (max-width: 1024px) 100vw, 1024px\" \/><\/figure>\n<\/figure>\n\n\n\n<figure class=\"wp-block-image size-large\"><img loading=\"lazy\" decoding=\"async\" width=\"1024\" height=\"713\" src=\"https:\/\/naschbarschaft.ch\/wp-content\/uploads\/2025\/03\/IMG_1225-scaled-e1742133375328-1024x713.jpg\" alt=\"\" class=\"wp-image-174\" srcset=\"https:\/\/naschbarschaft.ch\/wp-content\/uploads\/2025\/03\/IMG_1225-scaled-e1742133375328-1024x713.jpg 1024w, https:\/\/naschbarschaft.ch\/wp-content\/uploads\/2025\/03\/IMG_1225-scaled-e1742133375328-300x209.jpg 300w, https:\/\/naschbarschaft.ch\/wp-content\/uploads\/2025\/03\/IMG_1225-scaled-e1742133375328-768x534.jpg 768w, https:\/\/naschbarschaft.ch\/wp-content\/uploads\/2025\/03\/IMG_1225-scaled-e1742133375328-1536x1069.jpg 1536w, https:\/\/naschbarschaft.ch\/wp-content\/uploads\/2025\/03\/IMG_1225-scaled-e1742133375328.jpg 1937w\" sizes=\"auto, (max-width: 1024px) 100vw, 1024px\" \/><\/figure>\n\n\n\n<ul class=\"wp-block-list\">\n<li>Schlaraffenwiese 15.02.2025<\/li>\n<\/ul>\n\n\n\n<p>Die Beete auf der <a href=\"https:\/\/osm.org\/go\/0C2LsNe1U?m=\" target=\"_blank\" rel=\"noreferrer noopener\">Schlaraffenwiese<\/a> sind vorbereitet. Es wurde abgestochen, geh\u00e4kselt, Kompost ausgebracht und gemulcht &#8211; der Fr\u00fchling kann kommen. <\/p>\n\n\n\n<div class=\"wp-block-group has-global-padding is-layout-constrained wp-block-group-is-layout-constrained\">\n<div class=\"wp-block-columns is-layout-flex wp-container-core-columns-is-layout-28f84493 wp-block-columns-is-layout-flex\">\n<div class=\"wp-block-column is-layout-flow wp-block-column-is-layout-flow\" style=\"flex-basis:100%\">\n<figure class=\"wp-block-gallery has-nested-images columns-default is-cropped wp-block-gallery-2 is-layout-flex wp-block-gallery-is-layout-flex\">\n<figure class=\"wp-block-image size-large\"><img loading=\"lazy\" decoding=\"async\" width=\"632\" height=\"1024\" data-id=\"163\" src=\"https:\/\/naschbarschaft.ch\/wp-content\/uploads\/2025\/02\/20250216_Wiese_03-1-632x1024.jpg\" alt=\"\" class=\"wp-image-163\" srcset=\"https:\/\/naschbarschaft.ch\/wp-content\/uploads\/2025\/02\/20250216_Wiese_03-1-632x1024.jpg 632w, https:\/\/naschbarschaft.ch\/wp-content\/uploads\/2025\/02\/20250216_Wiese_03-1-185x300.jpg 185w, https:\/\/naschbarschaft.ch\/wp-content\/uploads\/2025\/02\/20250216_Wiese_03-1-768x1245.jpg 768w, https:\/\/naschbarschaft.ch\/wp-content\/uploads\/2025\/02\/20250216_Wiese_03-1-948x1536.jpg 948w, https:\/\/naschbarschaft.ch\/wp-content\/uploads\/2025\/02\/20250216_Wiese_03-1-1264x2048.jpg 1264w, https:\/\/naschbarschaft.ch\/wp-content\/uploads\/2025\/02\/20250216_Wiese_03-1-scaled.jpg 1580w\" sizes=\"auto, (max-width: 632px) 100vw, 632px\" \/><\/figure>\n\n\n\n<figure class=\"wp-block-image size-large\"><img loading=\"lazy\" decoding=\"async\" width=\"678\" height=\"1024\" data-id=\"162\" src=\"https:\/\/naschbarschaft.ch\/wp-content\/uploads\/2025\/02\/20250216_Wiese_02-1-678x1024.jpg\" alt=\"\" class=\"wp-image-162\" srcset=\"https:\/\/naschbarschaft.ch\/wp-content\/uploads\/2025\/02\/20250216_Wiese_02-1-678x1024.jpg 678w, https:\/\/naschbarschaft.ch\/wp-content\/uploads\/2025\/02\/20250216_Wiese_02-1-199x300.jpg 199w, https:\/\/naschbarschaft.ch\/wp-content\/uploads\/2025\/02\/20250216_Wiese_02-1-768x1160.jpg 768w, https:\/\/naschbarschaft.ch\/wp-content\/uploads\/2025\/02\/20250216_Wiese_02-1-1017x1536.jpg 1017w, https:\/\/naschbarschaft.ch\/wp-content\/uploads\/2025\/02\/20250216_Wiese_02-1-1356x2048.jpg 1356w, https:\/\/naschbarschaft.ch\/wp-content\/uploads\/2025\/02\/20250216_Wiese_02-1-scaled.jpg 1695w\" sizes=\"auto, (max-width: 678px) 100vw, 678px\" \/><\/figure>\n<\/figure>\n<\/div>\n<\/div>\n<\/div>\n\n\n\n<figure class=\"wp-block-image size-large\"><img loading=\"lazy\" decoding=\"async\" width=\"1024\" height=\"576\" src=\"https:\/\/naschbarschaft.ch\/wp-content\/uploads\/2025\/02\/20250216_Wiese_01-1024x576.jpg\" alt=\"\" class=\"wp-image-159\"\/><\/figure>\n\n\n\n<ul class=\"wp-block-list\">\n<li>Flowmarkt 31.08.2024<\/li>\n<\/ul>\n\n\n\n<div class=\"wp-block-columns is-layout-flex wp-container-core-columns-is-layout-28f84493 wp-block-columns-is-layout-flex\">\n<div class=\"wp-block-column is-layout-flow wp-block-column-is-layout-flow\" style=\"flex-basis:50%\">\n<figure class=\"wp-block-image size-large\"><img loading=\"lazy\" decoding=\"async\" width=\"779\" height=\"1039\" src=\"https:\/\/naschbarschaft.ch\/wp-content\/uploads\/2024\/09\/Obst-edited.jpg\" alt=\"\" class=\"wp-image-148\" srcset=\"https:\/\/naschbarschaft.ch\/wp-content\/uploads\/2024\/09\/Obst-edited.jpg 779w, https:\/\/naschbarschaft.ch\/wp-content\/uploads\/2024\/09\/Obst-edited-225x300.jpg 225w, https:\/\/naschbarschaft.ch\/wp-content\/uploads\/2024\/09\/Obst-edited-768x1024.jpg 768w\" sizes=\"auto, (max-width: 779px) 100vw, 779px\" \/><\/figure>\n<\/div>\n\n\n\n<div class=\"wp-block-column is-layout-flow wp-block-column-is-layout-flow\" style=\"flex-basis:50%\">\n<figure class=\"wp-block-image size-large\"><img loading=\"lazy\" decoding=\"async\" width=\"768\" height=\"1024\" src=\"https:\/\/naschbarschaft.ch\/wp-content\/uploads\/2024\/09\/Saft-768x1024.jpg\" alt=\"\" class=\"wp-image-139\" srcset=\"https:\/\/naschbarschaft.ch\/wp-content\/uploads\/2024\/09\/Saft-768x1024.jpg 768w, https:\/\/naschbarschaft.ch\/wp-content\/uploads\/2024\/09\/Saft-225x300.jpg 225w, https:\/\/naschbarschaft.ch\/wp-content\/uploads\/2024\/09\/Saft-1152x1536.jpg 1152w, https:\/\/naschbarschaft.ch\/wp-content\/uploads\/2024\/09\/Saft.jpg 1200w\" sizes=\"auto, (max-width: 768px) 100vw, 768px\" \/><\/figure>\n<\/div>\n<\/div>\n\n\n\n<p class=\"has-text-align-center has-medium-font-size\" style=\"font-style:italic;font-weight:400\"><a href=\"#\" data-type=\"page\" data-id=\"6\">nach oben<\/a> \u2014\u2014\u2014<\/p>\n\n\n\n<h1 class=\"wp-block-heading\" id=\"spenden\">Spenden \u2014\u2014\u2014 <\/h1>\n\n\n\n<p>\u2014\u2014\u2014 CH65 0839 0039 5473 1000 7, Alternative Bank Schweiz AG, Lautend auf: Verein Naschbarschaft, 9470 Buchs SG<\/p>\n\n\n\n<p class=\"has-text-align-center has-medium-font-size\" style=\"font-style:italic;font-weight:400\"><a href=\"#\" data-type=\"page\" data-id=\"6\">nach oben<\/a> \u2014\u2014\u2014<\/p>\n\n\n\n<p><\/p>\n\n\n","protected":false},"excerpt":{"rendered":"<p>Aktuell \u2014\u2014\u2014 Hauptversammlung \u2014\u2014\u2014 Am Freitag 13. M\u00e4rz treffen wir uns um 18:30 Uhr im Garten zum Gl\u00fcck. Auch Nicht-Mitglieder sind herzlich willkommen. Bitte melde dich an. Agenda \u2014\u2014\u2014 nach oben \u2014\u2014\u2014 Manifest \u2014\u2014\u2014 \u2014\u2014\u2014 Stell dir vor, du lebst an einem Ort, wo die Landschaft essbar wird.Wo du gemeinsam mit anderen Menschen pflanzen und [&hellip;]<\/p>\n","protected":false},"author":1,"featured_media":0,"parent":0,"menu_order":0,"comment_status":"closed","ping_status":"closed","template":"page-no-title","meta":{"footnotes":""},"class_list":["post-6","page","type-page","status-publish","hentry"],"_links":{"self":[{"href":"https:\/\/naschbarschaft.ch\/index.php?rest_route=\/wp\/v2\/pages\/6","targetHints":{"allow":["GET"]}}],"collection":[{"href":"https:\/\/naschbarschaft.ch\/index.php?rest_route=\/wp\/v2\/pages"}],"about":[{"href":"https:\/\/naschbarschaft.ch\/index.php?rest_route=\/wp\/v2\/types\/page"}],"author":[{"embeddable":true,"href":"https:\/\/naschbarschaft.ch\/index.php?rest_route=\/wp\/v2\/users\/1"}],"replies":[{"embeddable":true,"href":"https:\/\/naschbarschaft.ch\/index.php?rest_route=%2Fwp%2Fv2%2Fcomments&post=6"}],"version-history":[{"count":48,"href":"https:\/\/naschbarschaft.ch\/index.php?rest_route=\/wp\/v2\/pages\/6\/revisions"}],"predecessor-version":[{"id":188,"href":"https:\/\/naschbarschaft.ch\/index.php?rest_route=\/wp\/v2\/pages\/6\/revisions\/188"}],"wp:attachment":[{"href":"https:\/\/naschbarschaft.ch\/index.php?rest_route=%2Fwp%2Fv2%2Fmedia&parent=6"}],"curies":[{"name":"wp","href":"https:\/\/api.w.org\/{rel}","templated":true}]}}